*t + 10207, -4*t = -3*h - 10225. Is t a prime number?
False
Let o be (-2)/(-4) + (-44955)/(-18) + -1. Let g = 5398 - o. Is g prime?
False
Suppose -114*f = 49*f - 24465828 + 1568729. Is f composite?
False
Is (2 - 42/7)*433934*8/(-64) a prime number?
True
Let z(w) = -294*w + 558835. Is z(0) a prime number?
False
Suppose -a = 2*a + 4246 - 30061. Is a prime?
False
Let b = 40437 + -28136. Is b a prime number?
True
Let d(a) = -138*a**3 - 22*a**2 + 8*a + 203. Is d(-13) a composite number?
False
Let p = -62 - -65. Suppose -4296 = -p*c + 834. Suppose 0 = -5*g + 5*o + 5435, -3*g - 4*o + c = -1551. Is g a composite number?
False
Let f(p) = 24697 + 27*p**2 - 24688 - p**3 + 5*p + 8*p + p. Is f(11) composite?
False
Suppose j = -3, 2*k + 27 = 7*k + j. Suppose -d - k*d + 5257 = 0. Is d composite?
False
Let h = -274 + 1144. Suppose h = 3*v - 303. Let t = v - 140. Is t a composite number?
False
Is ((-704747)/7)/((23 + -6)/(-119)) a composite number?
False
Suppose 0 = 99*l - 812270 - 1867957. Is l a prime number?
True
Let u be (-880)/22*(-13521)/2. Suppose -15*n = 15*n - u. Is n a composite number?
True
Suppose 6*u - 136696 + 9106 = 0. Let s = u + -9802. Is s prime?
False
Suppose -5*f - 2*p = -3*f - 24, -p = 4*f - 36. Suppose 0*u + 44792 = f*u. Is u prime?
False
Suppose 3*f + 506567 = -343*a + 347*a, -4*f - 126619 = -a. Is a a composite number?
True
Is (-2)/(-4)*25/(25/214106) a prime number?
True
Let h(s) = -2104*s + 467. Is h(-3) a prime number?
True
Let o(t) = t**3 + 3*t**2 - 7*t - 11. Let g be o(-5). Let f be 1/3*(g + 5). Let u(m) = -m**3 + 9*m**2 - 4*m + 3. Is u(f) a composite number?
True
Let l(p) = 2997*p**2 + 159*p - 41. Is l(5) a prime number?
True
Let i(d) = -4340*d + 219. Let o be i(-4). Suppose -113137 - o = -12*k. Is k composite?
True
Let j(o) = 59*o**2 - 40*o + 21. Let b(l) = -15*l**2 + 10*l - 5. Let h(y) = -9*b(y) - 2*j(y). Is h(-5) a composite number?
True
Let k(f) = -38*f + 418*f - 2440 + 2553. Is k(12) a composite number?
False
Let t(z) = -2534*z - 6077. Is t(-32) a prime number?
True
Let s(h) = -h**2 + 23*h - 18. Let g be s(22). Suppose -w - a = -4376, 5*w = -0*w - g*a + 21877. Is w composite?
False
Let q = 222 - 219. Suppose b + 49 = m - 79, -q*m = -4*b - 385. Is m composite?
False
Let s = -1774712 - -3307291. Is s composite?
False
Let z(a) = 81*a**2 + 6*a + 97. Is z(22) composite?
True
Is (-16 - -20) + 1760935/20 + 2/8 a composite number?
True
Let w = 13923 - 12790. Let f(d) = 4*d**3 + 5*d**2. Let u be f(4). Let a = w - u. Is a prime?
True
Let y = 79120 + -6017. Is y composite?
True
Let x(y) = 2*y**2 - y - 7*y**3 + 27*y**3 + 123 - 124. Let v be x(1). Is -12*1*(-265)/v a prime number?
False
Is (-33 - 903622)*(80/(-25) - -3) a composite number?
False
Let l(y) = -y**3 + 14*y**2 - 2*y - 14. Let o be l(14). Let v = 40 + o. Is 2/(1 + v) - -163 a composite number?
True
Is 185575720/1776 + 1/6 a composite number?
False
Is (-3207271)/(-555) + (0 - 4/(-30)) composite?
False
Let d = 338 - 318. Suppose -d*w = -9*w - 2013. Is w prime?
False
Suppose -505 = -5*w + 4*h, -43*w - 3*h = -37*w - 567. Let u be (-1)/((-1)/31)*54. Suppose -g = i - 463 - w, -3*i - g = -u. Is i a prime number?
True
Suppose 0 = -8*n + 11*n. Suppose -i - 357 = -n*i. Let f = 2288 + i. Is f a prime number?
True
Let c be (9 + -7)/((-4)/(-14)). Suppose -c*l = -4*l - 9. Suppose 2*p + 5*o = 1032, l*o + 0*o = p - 505. Is p prime?
False
Let w = 2122 + -2126. Let y(i) be the first derivative of -3*i**4 + 2*i**3 - 3*i**2/2 + 7*i - 3. Is y(w) composite?
False
Let t(i) = 2886658*i**2 - 356*i - 359. Is t(-1) prime?
False
Let i = 222 + -57. Let v(g) = 220*g + i*g + 251*g + 25 - 133*g. Is v(8) composite?
False
Let m(s) = 197*s**2 + 48*s + 161. Is m(26) a prime number?
True
Suppose 4*o = o + 13272. Let f = -502 - -502. Suppose f = -7*i - i + o. Is i a composite number?
True
Let u(p) = -1422*p**3 + 3*p + 1423*p**3 - 17*p**2 - 30 - 19*p. Let w be u(18). Suppose -w*g + 231 = -45. Is g composite?
True
Let p = -300 - -283. Let q = 2064 + p. Is q composite?
True
Let m = -52830 + 242171. Is m a prime number?
False
Suppose -k = 4*s - 23062 - 34147, k - 57206 = -5*s. Is k a composite number?
False
Suppose 0*j + 4*j + 204 = -5*m, 0 = -4*j + 4*m - 240. Is -3 + 46/14 + (-258648)/j a composite number?
True
Suppose -2*f = 3*s - 261255, 66*s = 67*s - 3*f - 87085. Is s composite?
True
Let s(v) = 11466*v**3 + 6*v**2 - 2*v + 9. Is s(2) a prime number?
True
Let t(j) = -j**3 + 13*j**2 - 29*j - 10. Let s be t(10). Suppose -7*f + 16332 - 4733 = s. Is f composite?
False
Suppose h = 9*h - 8. Let p be h + 2 - (24/6 + -4). Suppose -p*v + 1363 = -t, -3*v - 3*t = v - 1800. Is v a composite number?
True
Let d(w) = -w**2. Let a(x) = 5*x**2 - 21*x + 11. Let o(s) = a(s) + 3*d(s). Let v be o(10). Is v/(-4) + (-17766)/(-56) composite?
False
Let h(y) = 21*y - 8. Let o = 66 + -46. Let l = o - 13. Is h(l) a prime number?
True
Let a(p) = p**2 - 6*p - 7. Let m be a(8). Suppose -m = 5*r - 9. Is (-7652)/10*(r - 5/2) composite?
False
Let f be (-7)/(-2)*(-96)/(-84). Let n(a) = 22*a**3 + 8*a**2 - 4*a - 4. Let h be n(f). Suppose 30*i = 34*i - h. Is i a composite number?
False
Let i be 700/16 + (-9)/12. Suppose 48*x - 23545 = i*x. Let c = x - 2778. Is c prime?
True
Suppose 0 = 4*d + 5*u - 1274333, -2*d + 2*u + 637183 = -u. Suppose 0 = -11*l - 113316 + d. Is l a prime number?
True
Suppose 0 = -8*y + 9*y - 265. Let i be y - (4 + 3 + -7). Let x = i - 138. Is x a composite number?
False
Suppose 132*k + 348023 = 145*k. Is k a prime number?
False
Let z be (153/36)/(-17) + (-19)/4. Is (-4870)/(-35) - (z/(-35) + 0) a prime number?
True
Let a(z) = -2043*z - 70. Let d = -64 - -51. Is a(d) a composite number?
False
Suppose 3*p - 727963 = f, 0 = 4*p + 25*f - 22*f - 970600. Is p composite?
True
Let c be (-16)/(-5)*9*(-65)/(-117). Is -1 + 12075 - 48/c a prime number?
True
Let o(s) = s**2 + 42*s - 14. Let h = -85 - -94. Is o(h) a composite number?
True
Suppose 22 = 26*f - 24*f. Suppose f*u - 6*u - 16405 = 0. Is u a prime number?
False
Suppose -2*h + 5*s - 371070 = 0, 11*h - 6*h + 5*s = -927745. Is ((-8)/(-34))/2 - h/85 prime?
False
Let h(x) = 4*x**2 + 18*x + 20. Let m be h(9). Let b = m - -359. Is b a composite number?
True
Let q(p) be the first derivative of 101*p**5/60 + p**4/4 + 7*p**3/3 + 8*p**2 + 1. Let x(o) be the second derivative of q(o). Is x(5) a prime number?
False
Let n = 2434 + -671. Is n a composite number?
True
Is ((-79802)/10)/(3972/(-180) + 22) prime?
False
Let d(k) = 860*k**2 - 34*k + 125. Let c(j) = 172*j**2 - 7*j + 25. Let r(w) = 11*c(w) - 2*d(w). Is r(4) a prime number?
True
Let w(n) = 39*n**2 - 2*n + 2. Let d(z) = -34*z + 3. Let h be d(-2). Let u = h - 68. Is w(u) composite?
False
Let r(w) = 27*w**2 + 47 + 46*w - 5*w - 24*w. Is r(-8) a prime number?
False
Suppose 231978 = 80*w - 170319 - 210583. Is w composite?
True
Let p be 2*(0/(30/(-6)) - -2). Suppose -6*a + 3*j = -2*a - 45871, -p*a + 2*j + 45870 = 0. Is a composite?
False
Let v = -55886 - -37504. Let c = 26499 + v. Is c composite?
False
Let s(r) = -403*r - 46. Let x be s(-6). Let c = 4905 - x. Is c a composite number?
True
Suppose -3*a + 991086 = 4*g, 3*g - 834915 + 91604 = -4*a. Is g a prime number?
False
Is 7 - (93012/6)/((-6)/330*5) a composite number?
True
Is (-8)/(-1) + -18 + 1307903 composite?
False
Let f be (2 + -3)*6412/(-1). Suppose 2*v - f = -0*v - 4*h, -3202 = -v - 3*h. Is v composite?
True
Suppose 0 = 139*b - 93*b - 1222358. Is b prime?
True
Suppose 0 = 117*d - 3093643 - 299006. Is d a prime number?
False
Suppose -613*x + 594*x + 22003349 = 0. Is x a prime number?
True
Let u = 497902 + -73271. Is u composite?
True
Let k = 144352 - -107215. Is k a prime number?
True
Is 580/232 + (-8973)/(-2) prime?
False
Is (-100)/45 - -1*2 - 15557131/(-207) prime?
False
Suppose -2*s - 5992 = -c + 3*s, c = -5*s + 6022. Suppose -3*b - 4060 + 13048 = 3*u, 0 = -2*u + 3*b + c. Is u composite?
False
Let y(p) = -3*p**2 + 19*p - 3. Let g be y(6). Suppose -4*u = 5*n - 25, g*n + 5 = 4*n + 5*u. Is -53*(0 + (2 - n)) composite?
True
Suppose 0*t - 3*t + 81123 = -4*p, 0 = -t - 3*p + 27028. Is t composite?
True
Let d = -27600 - -16084. Is 16/((-48)/45)*d/20 composite?
True
Let k(q) = 5*q**3 - 4*q**2 + 16*q - 72. Suppose 0 = -4*g - 2*u + 28, -7*u + 10*u = 0. Is k(g) prime?
True
Let h(a) = -4*a**3 + 13